{"id":39,"date":"2019-05-03T08:14:20","date_gmt":"2019-05-03T06:14:20","guid":{"rendered":"http:\/\/asenhogamarieholm.pingst.se\/?page_id=39"},"modified":"2023-10-23T08:56:40","modified_gmt":"2023-10-23T06:56:40","slug":"kontakt","status":"publish","type":"page","link":"http:\/\/asenhogamarieholm.pingst.se\/index.php\/kontakt\/","title":{"rendered":"Kontakt"},"content":{"rendered":"\n<p>Adress:<br>Pingstf\u00f6rsamlingen \u00c5senh\u00f6ga &#8211; Marieholm<br>Sven Bj\u00f6rns v\u00e4g 5<br>SE-335 94 Marieholmsbruk<\/p>\n\n\n\n<p>E-post: <a href=\"mailto: hej@asenhogamarieholm.pingst.se\">hej@asenhogamarieholm.pingst.se<\/a><\/p>\n\n\n\n<h2>F\u00f6rest\u00e5ndare<\/h2>\n\n\n\n<p>Sandra och Joachim tj\u00e4nar tillsammans som f\u00f6rest\u00e5ndare i f\u00f6rsamlingen. De \u00e4r gifta och har tv\u00e5 barn.<\/p>\n\n\n\n<p>Joachim Ling, pastor och ordf\u00f6rande<br>0708695841<\/p>\n\n\n\n<p>Sandra Ling, pastor<br>0707658451<\/p>\n\n\n\n<p>Epost: <a href=\"mailto: pastor@asenhogamarieholm.pingst.se\">pastor@asenhogamarieholm.pingst.se<\/a><\/p>\n\n\n\n<h2>Evangelist<\/h2>\n\n\n\n<p>Benny Gustafsson, pastor\/evangelist<br>0707875472<\/p>\n\n\n\n<p>Epost: <a href=\"mailto:benny@evangelisten.se\">benny@evangelisten.se<\/a><\/p>\n\n\n\n<p>Bennys tj\u00e4nst sker i samarbete med f\u00f6reningen Evangelisten d\u00e4r Benny \u00e4r f\u00f6rest\u00e5ndare. F\u00f6reningen jobbar med evangelisation i hela Sverige. <\/p>\n","protected":false},"excerpt":{"rendered":"<p>Adress:Pingstf\u00f6rsamlingen \u00c5senh\u00f6ga &#8211; MarieholmSven Bj\u00f6rns v\u00e4g 5SE-335 94 Marieholmsbruk E-post: hej@asenhogamarieholm.pingst.se F\u00f6rest\u00e5ndare Sandra och Joachim tj\u00e4nar tillsammans som f\u00f6rest\u00e5ndare i&hellip;<\/p>\n","protected":false},"author":1,"featured_media":0,"parent":0,"menu_order":0,"comment_status":"closed","ping_status":"closed","template":"","meta":[],"_links":{"self":[{"href":"http:\/\/asenhogamarieholm.pingst.se\/index.php\/wp-json\/wp\/v2\/pages\/39"}],"collection":[{"href":"http:\/\/asenhogamarieholm.pingst.se\/index.php\/wp-json\/wp\/v2\/pages"}],"about":[{"href":"http:\/\/asenhogamarieholm.pingst.se\/index.php\/wp-json\/wp\/v2\/types\/page"}],"author":[{"embeddable":true,"href":"http:\/\/asenhogamarieholm.pingst.se\/index.php\/wp-json\/wp\/v2\/users\/1"}],"replies":[{"embeddable":true,"href":"http:\/\/asenhogamarieholm.pingst.se\/index.php\/wp-json\/wp\/v2\/comments?post=39"}],"version-history":[{"count":11,"href":"http:\/\/asenhogamarieholm.pingst.se\/index.php\/wp-json\/wp\/v2\/pages\/39\/revisions"}],"predecessor-version":[{"id":1466,"href":"http:\/\/asenhogamarieholm.pingst.se\/index.php\/wp-json\/wp\/v2\/pages\/39\/revisions\/1466"}],"wp:attachment":[{"href":"http:\/\/asenhogamarieholm.pingst.se\/index.php\/wp-json\/wp\/v2\/media?parent=39"}],"curies":[{"name":"wp","href":"https:\/\/api.w.org\/{rel}","templated":true}]}}